of 7 and 1571185903?
7
What is the highest common divisor of 1548 and 88297404?
516
What is the greatest common divisor of 760 and 485445?
5
What is the greatest common divisor of 64214 and 1239926?
662
What is the greatest common divisor of 593103 and 99491?
427
Calculate the highest common divisor of 11857513 and 8899.
809
What is the greatest common factor of 4838865 and 21?
3
Calculate the greatest common divisor of 20 and 2962370.
10
What is the highest common factor of 4584 and 88922533?
191
Calculate the greatest common factor of 7 and 270999.
1
Calculate the greatest common divisor of 3232 and 2065046.
202
What is the greatest common divisor of 696 and 101905176?
24
What is the highest common factor of 314 and 8746627?
157
What is the greatest common factor of 27512 and 314757914?
6878
What is the greatest common factor of 2699089 and 151129?
1249
What is the greatest common factor of 733496 and 16066?
554
What is the highest common divisor of 626000 and 322000?
2000
Calculate the greatest common factor of 1329 and 53226.
3
Calculate the greatest common factor of 21426146 and 434.
434
What is the highest common factor of 348762 and 60828?
222
Calculate the highest common divisor of 83288 and 845804.
1436
Calculate the greatest common factor of 1424000 and 1125.
125
What is the highest common factor of 307357 and 74422?
293
What is the greatest common factor of 70 and 30342158?
14
What is the greatest common divisor of 14 and 9977135?
7
What is the highest common factor of 256 and 30413056?
256
What is the highest common factor of 520737 and 539917?
959
Calculate the highest common factor of 822613459 and 1061.
1061
Calculate the highest common factor of 192071280 and 2634.
2634
What is the greatest common factor of 7546978 and 2914?
94
Calculate the highest common divisor of 278502 and 98.
14
Calculate the highest common factor of 22428576 and 306.
306
Calculate the highest common divisor of 128 and 19791232.
128
What is the greatest common factor of 81485 and 68978?
379
Calculate the highest common factor of 299728 and 129932.
44
Calculate the highest common factor of 9177 and 1264431.
399
Calculate the greatest common factor of 60 and 1553870676.
12
What is the highest common factor of 44432322 and 4488?
1122
Calculate the greatest common divisor of 10488 and 6747924.
276
Calculate the highest common divisor of 13 and 24444199.
13
Calculate the greatest common divisor of 601307 and 30807.
1141
What is the greatest common factor of 187154328 and 40?
8
Calculate the highest common factor of 1829448 and 5688.
72
Calculate the highest common divisor of 10 and 315392550.
10
What is the highest common divisor of 2274 and 1895379?
1137
What is the greatest common factor of 84506 and 41259326?
2914
Calculate the greatest common divisor of 147204 and 61476.
564
What is the greatest common factor of 49608 and 90779?
13
What is the highest common factor of 684 and 21067960?
76
Calculate the highest common factor of 218 and 401793402.
218
What is the greatest common factor of 48384 and 3518928?
1008
What is the greatest common divisor of 158389 and 2739737?
1309
What is the greatest common factor of 28662035 and 5?
5
What is the greatest common divisor of 2983 and 5860653?
157
Calculate the highest common divisor of 221 and 80569970.
221
What is the greatest common factor of 345708 and 480546?
594
Calculate the greatest common factor of 17170 and 749420.
1010
Calculate the highest common divisor of 39480 and 1220520.
840
Calculate the highest common factor of 18124 and 62252.
788
Calculate the highest common factor of 62 and 36100678.
62
Calculate the highest common factor of 143 and 6533461.
11
Calculate the highest common divisor of 1313 and 1343906.
101
What is the greatest common factor of 62961504 and 288?
96
Calculate the highest common factor of 27195 and 382935.
735
Calculate the highest common factor of 113366286 and 642.
642
Calculate the highest common factor of 2197 and 763841.
13
Calculate the greatest common divisor of 2361136 and 32.
16
Calculate the highest common divisor of 6536553 and 6567.
597
What is the highest common factor of 69447161 and 49?
49
Calculate the highest common factor of 1229404614 and 228.
114
Calculate the highest common divisor of 174272668 and 452.
452
Calculate the greatest common factor of 89378 and 2262.
58
Calculate the greatest common divisor of 21202574 and 281.
281
Calculate the highest common divisor of 4584 and 36600375.
573
Calculate the greatest common divisor of 1742 and 5193526.
26
What is the greatest common factor of 843 and 530903416?
281
What is the greatest common factor of 804410 and 230?
10
What is the greatest common divisor of 651765 and 130?
5
What is the greatest common factor of 204134 and 41209?
49
Calculate the highest common factor of 66 and 69125232.
66
Calculate the greatest common divisor of 21 and 207976349.
7
Calculate the highest common divisor of 115856040 and 220.
20
What is the greatest common divisor of 2432649772 and 2758?
2758
What is the greatest common divisor of 21119 and 1977428?
431
Calculate the greatest common divisor of 226 and 3160968662.
226
What is the greatest common factor of 94703 and 43358?
1141
Calculate the highest common factor of 1125630 and 5580.
90
What is the greatest common factor of 70388615 and 148?
37
What is the highest common divisor of 72917 and 7031414?
923
What is the greatest common divisor of 20968224 and 84?
12
What is the highest common divisor of 48926102 and 742?
106
What is the greatest common divisor of 5670 and 97380?
90
Calculate the highest common factor of 1050 and 821716350.
1050
Calculate the greatest common divisor of 313280 and 9167.
89
Calculate the highest common divisor of 1524226 and 129796.
1754
What is the greatest common factor of 1319619 and 19411?
329
Calculate the highest common divisor of 845 and 18765578.
13
Calculate the highest common factor of 4729 and 156392759.
4729
What is the highest common divisor of 77 and 1466751?
11
What is the greatest common factor of 250591676 and 296?
148
What is the highest common divisor of 60647577 and 1069?
1069
Calculate the greatest common divisor of 28609 and 1196419.
469
What is the greatest common factor of 237039 and 18876?
363
What is the greatest common factor of 235393613 and 12922?
6461
Calculate the greatest common factor of 36930804 and 1392.
348
Calculate the greatest common factor of 111093744 and 5344.
2672
What is the greatest common factor of 73 and 53049173?
73
What is the highest common divisor of 17149475 and 5300?
1325
What is the greatest common divisor of 185700272 and 32?
16
Calculate the highest common divisor of 43806 and 26.
2
What is the highest common factor of 3632760 and 3060?
180
What is the highest common divisor of 725230 and 74605?
1735
What is the highest common divisor of 35088273 and 11?
11
What is the greatest common factor of 12529 and 8547726?
737
What is the greatest common divisor of 45445 and 500?
5
Calculate the highest common factor of 484 and 12224146.
242
Calculate the greatest common factor of 1875296 and 32.
32
What is the highest common divisor of 4450 and 1910900?
50
What is the highest common divisor of 527716 and 178976?
1316
What is the highest common divisor of 1472343559 and 303?
101
What is the greatest common divisor of 28 and 173561?
1
What is the greatest common divisor of 27705705 and 95?
95
Calculate the greatest common factor of 626875 and 2006.
1003
Calculate the greatest common factor of 323755172 and 104.
52
Calculate the greatest common divisor of 208 and 77928942.
26
Calculate the greatest common factor of 79309568 and 1152.
128
What is the greatest common factor of 41587282 and 286?
22
Calculate the highest common divisor of 396 and 37806516.
396
What is the greatest common divisor of 413698 and 3019048?
3158
Calculate the highest common factor of 70 and 291497262.
14
Calculate the greatest common factor of 1345901392 and 3872.
1936
Calculate the greatest common divisor of 2356 and 24559267.
19
Calculate the greatest common divisor of 5657625 and 2256.
141
What is the highest common factor of 9864 and 17208022?
274
What is the greatest common factor of 24920353 and 579?
193
Calculate the highest comm